ors of 12072392?
2, 31, 48679
List the prime factors of 718087.
718087
List the prime factors of 24097903.
2063, 11681
List the prime factors of 2778754.
2, 11, 126307
What are the prime factors of 429689?
13, 33053
What are the prime factors of 5221110?
2, 3, 5, 79, 2203
List the prime factors of 1732381.
7, 263, 941
List the prime factors of 1459624.
2, 182453
List the prime factors of 2848836.
2, 3, 43, 5521
What are the prime factors of 2989445?
5, 597889
What are the prime factors of 127175?
5, 5087
What are the prime factors of 210494?
2, 17, 41, 151
What are the prime factors of 4599176?
2, 547, 1051
What are the prime factors of 1327413?
3, 421, 1051
What are the prime factors of 163543?
163543
What are the prime factors of 487481?
487481
What are the prime factors of 179297?
193, 929
What are the prime factors of 2976904?
2, 7, 17, 53, 59
List the prime factors of 7371729.
3, 91009
What are the prime factors of 8760398?
2, 4380199
List the prime factors of 1370476.
2, 151, 2269
What are the prime factors of 20537157?
3, 19, 571, 631
What are the prime factors of 1873417?
7, 13, 17, 173
List the prime factors of 535583.
41, 13063
List the prime factors of 138766.
2, 69383
List the prime factors of 9061609.
23, 487, 809
What are the prime factors of 1742758?
2, 31, 28109
What are the prime factors of 2086375?
5, 16691
What are the prime factors of 3945304?
2, 11, 107, 419
What are the prime factors of 6702122?
2, 7, 68389
What are the prime factors of 2736355?
5, 547271
List the prime factors of 723601.
723601
What are the prime factors of 12762?
2, 3, 709
What are the prime factors of 1465850?
2, 5, 19, 1543
List the prime factors of 1245603.
3, 415201
What are the prime factors of 987475?
5, 39499
List the prime factors of 403807.
19, 53, 401
What are the prime factors of 2899011?
3, 966337
What are the prime factors of 1935734?
2, 127, 7621
What are the prime factors of 148880?
2, 5, 1861
What are the prime factors of 1820496?
2, 3, 17, 23, 97
List the prime factors of 217077.
3, 7, 10337
List the prime factors of 14701586.
2, 107, 68699
List the prime factors of 265060.
2, 5, 29, 457
What are the prime factors of 35520951?
3, 11840317
What are the prime factors of 185473?
31, 193
List the prime factors of 635806.
2, 317903
What are the prime factors of 1113350?
2, 5, 7, 3181
List the prime factors of 10285504.
2, 160711
What are the prime factors of 15477824?
2, 59, 4099
List the prime factors of 4542351.
3, 11, 59, 2333
List the prime factors of 5806696.
2, 7, 14813
What are the prime factors of 1054844?
2, 7, 101, 373
What are the prime factors of 591201?
3, 13, 31, 163
What are the prime factors of 3377116?
2, 844279
What are the prime factors of 316712?
2, 11, 59, 61
What are the prime factors of 197893?
197893
List the prime factors of 2250201.
3, 59, 12713
List the prime factors of 20920030.
2, 5, 17, 123059
What are the prime factors of 8507481?
3, 167, 16981
List the prime factors of 1754983.
499, 3517
List the prime factors of 492462.
2, 3, 109, 251
List the prime factors of 79988.
2, 19997
List the prime factors of 10843478.
2, 5421739
List the prime factors of 2522210.
2, 5, 311, 811
What are the prime factors of 164727?
3, 6101
List the prime factors of 9729072.
2, 3, 7507
What are the prime factors of 15788605?
5, 7, 451103
List the prime factors of 10358776.
2, 61, 21227
What are the prime factors of 69734?
2, 7, 17, 293
What are the prime factors of 738772?
2, 184693
What are the prime factors of 3545594?
2, 13, 31, 53, 83
List the prime factors of 198979.
11, 18089
List the prime factors of 21940.
2, 5, 1097
What are the prime factors of 62067?
3, 17, 1217
List the prime factors of 608698.
2, 304349
List the prime factors of 372793.
17, 21929
What are the prime factors of 703545?
3, 5, 17, 31, 89
What are the prime factors of 2068718?
2, 1034359
List the prime factors of 12461453.
12461453
What are the prime factors of 11129?
31, 359
What are the prime factors of 7126937?
1277, 5581
What are the prime factors of 2369267?
41, 57787
What are the prime factors of 514942?
2, 73, 3527
List the prime factors of 1038180.
2, 3, 5, 11, 13
List the prime factors of 3047989.
7, 435427
List the prime factors of 551223.
3, 73, 839
List the prime factors of 13971179.
331, 42209
List the prime factors of 22839906.
2, 3, 211, 18041
List the prime factors of 255982.
2, 149, 859
What are the prime factors of 11281646?
2, 5640823
List the prime factors of 488666.
2, 244333
List the prime factors of 2421257.
277, 8741
List the prime factors of 800795.
5, 160159
List the prime factors of 15969287.
347, 46021
What are the prime factors of 557258?
2, 13, 21433
List the prime factors of 2880556.
2, 7, 102877
List the prime factors of 10155886.
2, 13, 30047
List the prime factors of 1028425.
5, 31, 1327
What are the prime factors of 4026391?
43, 93637
What are the prime factors of 380992?
2, 5953
List the prime factors of 4574055.
3, 5, 304937
List the prime factors of 23472110.
2, 5, 53, 67, 661
What are the prime factors of 10563833?
7, 37, 40787
What are the prime factors of 210396?
2, 3, 89, 197
What are the prime factors of 4829129?
37, 130517
What are the prime factors of 193447?
193447
List the prime factors of 4562417.
191, 23887
List the prime factors of 174987.
3, 6481
List the prime factors of 452538.
2, 3, 31, 811
What are the prime factors of 355461?
3, 47, 2521
List the prime factors of 183509.
183509
List the prime factors of 21904830.
2, 3, 5, 27043
List the prime factors of 7824774.
2, 3, 1304129
List the prime factors of 222391.
13, 17107
List the prime factors of 2741.
2741
List the prime factors of 470407.
7, 17, 59, 67
List the prime factors of 19408330.
2, 5, 1940833
What are the prime factors of 7212908?
2, 1803227
What are the prime factors of 265837?
11, 13
What are the prime factors of 515090?
2, 5, 19, 2711
List the prime factors of 3332709.
3, 29, 113
What are the prime factors of 540175?
5, 17, 31, 41
What are the prime factors of 1192657?
127, 9391
What are the prime factors of 11741390?
2, 5, 17, 69067
List the prime factors of 1376853.
3, 73, 6287
What are the prime factors of 118017?
3, 31, 47
What are the prime factors of 298848?
2, 3, 11, 283
List the prime factors of 2654641.
11, 373, 647
What are the prime factors of 135728?
2, 17, 499
List the prime factors of 177874.
2, 88937
What are the prime factors of 25125667?
7, 3589381
List the prime factors of 512496.
2, 3, 3559
What are the prime factors of 224145?
3, 5, 17, 293
List the prime factors of 354019.
43, 8233
What are the prime factors of 4632019?
7, 94531
What are the prime factors of 160148?
2, 40037
What are the prime factors of 826551?
3, 11, 23
List the prime factors of 7546623.
3, 7, 17, 21139
What are the prime factors of 7737069?
3, 41, 62903
What are the prime factors of 22047?
3, 7349
What are the prime factors of 133996?
2, 139, 241
What are the prime factors of 153048?
2, 3, 7, 911
What are the prime factors of 14722?
2, 17, 433
What are the prime factors of 344713?
101, 3413
What are the prime factors of 4020402?
2, 3, 67, 73, 137
What are the prime factors of 20848293?
3, 772159
List the prime factors of 208403.
13, 17, 23, 41
What are the prime factors of 18659811?
3, 83, 137, 547
List the prime factors of 1662193.
13, 29, 4409
What are the prime factors of 17582775?
3, 5, 7, 107, 313
List the prime factors of 2947947.
3, 61, 89, 181
What are the prime factors of 249113?
23, 10831
List the prime factors of 2546025.
3, 5, 83, 409
List the prime factors of 10876990.
2, 5, 163, 6673
List the prime factors of 1332187.
1332187
What are the prime factors of 2849705?
5, 41, 13901
What are the prime factors of 374416?
2, 7, 3343
List the prime factors of 27322427.
11, 409, 6073
What are the prime factors of 27646553?
11, 83, 107, 283
What are the prime factors of 1179533?
43, 27431
List the prime factors of 196327.
19, 10333
List the prime factors of 18397046.
2, 79, 116437
List the prime factors of 33470.
2, 5, 3347
What are the prime factors of 171174?
2, 3, 47, 607
What are the prime factors of 256103?
47, 5449
What are the prime factors of 8265024?
2, 3, 4783
What are the prime factors of 18389684?
2, 4597421
List the prime factors o